et t = -518 + 847. What are the prime factors of t?
7, 47
Let q = 71 + -29. What are the prime factors of q?
2, 3, 7
What are the prime factors of (-4 - -3)*-1*209?
11, 19
Suppose -w - 3 = o + o, -3 = w. Let a(j) = j + 0*j + o + 1. List the prime factors of a(1).
2
List the prime factors of (8/(-12))/(-2 + 760/381).
127
Suppose -3*g + 176 = 26. What are the prime factors of g?
2, 5
Let q = -7 + 1. Let r be 27/(-2)*16/q. Suppose b - 5*v = 24, 5*b + 0*v + 3*v - r = 0. List the prime factors of b.
3
Let v be (-33)/(-7) - (-2)/7. Suppose 0 = -v*r - 0*r - 65. Let y = -3 - r. List the prime factors of y.
2, 5
Suppose -5*o + 2 = -3*x + 25, -5*o - 17 = 3*x. Let d be (x*-14)/((-4)/(-6)). Let h = 33 + d. List the prime factors of h.
2, 3
Suppose 5*q - 3*q = 0. Suppose q = f - 0*f - 12. What are the prime factors of f?
2, 3
Let v be (9/4)/(3/12). List the prime factors of -1 - (0 + v/(-3)).
2
Let u be 0 - 2*33/6. Let i = u - -26. List the prime factors of i.
3, 5
Let a(i) = i. Let g be a(-3). What are the prime factors of g/(-2) + (-5)/(-2)?
2
Let u(q) = -q + 4. Let a be u(4). Suppose -3*z + 6*z + 18 = a. Let n = 26 + z. What are the prime factors of n?
2, 5
Let n(u) = 5*u - 15. Let v be n(6). Suppose -v = 3*a - 63. List the prime factors of a.
2
Let g = 329 - 163. What are the prime factors of g?
2, 83
Suppose -1428 = -11*f + 981. List the prime factors of f.
3, 73
Let p(j) be the first derivative of j**4/4 - 5*j**3/3 - 5*j**2/2 - 4*j - 2. Suppose 4*f + 14 - 38 = 0. What are the prime factors of p(f)?
2
Let z = -7 - -115. What are the prime factors of z?
2, 3
Let j(c) be the third derivative of -c**5/60 + 7*c**4/24 + 5*c**3/3 + c**2. Let t be j(8). Suppose 0*n - n = k + t, 3*k = 5*n + 26. List the prime factors of k.
2
Let m(y) = y**2 - 2*y - 6. Let p be m(6). Let k = 43 - p. What are the prime factors of k?
5
Let v(j) = 4*j**3 + 2*j**2 - 3. Let f be v(-2). Let c = f + 49. List the prime factors of c.
2, 11
Suppose 4*y - 15 = 3*b, 3 + 7 = 2*y - 4*b. Suppose -3*u - y*z = -111, -4*z + 8*z + 16 = 0. List the prime factors of u.
41
Let a = 719 - 459. List the prime factors of a.
2, 5, 13
Suppose 5*h + 30 = 4*z - 19, -3*z + 36 = -3*h. Suppose z*b - 13*b = -4. List the prime factors of b.
2
List the prime factors of (-636)/(-18)*(2 - 1/2).
53
Let j = -2 - -5. Suppose 0 = -j*t + 7 + 5. Let o = -1 + t. What are the prime factors of o?
3
Suppose 0 = 2*r + r - 9, 0 = 4*m + 4*r - 292. Suppose -3*b - m = -1. Let q = b - -40. What are the prime factors of q?
17
Suppose 5 + 55 = 5*m. Suppose n + 3 = m. List the prime factors of n.
3
Suppose -o + 3*v = -12, o - 5*v - 12 = 2*o. Let k = o + 8. List the prime factors of k.
11
Let d(i) be the first derivative of -9*i**2/2 + 2*i + 4. List the prime factors of d(-1).
11
Suppose 0 = h + 6*h - 126. List the prime factors of h.
2, 3
Let s = 44 - -27. List the prime factors of s.
71
Let o = 6 - 7. List the prime factors of (o/(-3))/(1/102).
2, 17
Let q(l) = -l**2 - 6*l. Let v be q(-6). Suppose -7 = -2*x - v*x + y, x = -4*y + 8. List the prime factors of x.
2
Suppose -3*c + 2*j + 0*j + 17 = 0, 4*j + 14 = 2*c. Suppose -4*a + c = -39. What are the prime factors of a?
11
Let a(j) = -6*j - 1. Let z = -11 + 15. Suppose -2*n - 3 - 7 = i, -z*i = -5*n - 12. List the prime factors of a(i).
11
Let m = 117 - 2. List the prime factors of m.
5, 23
Suppose 16 + 8 = 3*y + 2*v, 2*y + v = 15. Suppose 0 = -y*i + 3*i + 9. Suppose d + 2*p + 12 = i*d, -5*d - 5*p + 20 = 0. List the prime factors of d.
5
List the prime factors of ((-7)/(-14))/(-2*1/(-908)).
227
Let q(z) = 4*z**2. Let o be q(1). Let n(f) = -4*f + 5. Let h be n(o). Let l = h - -21. List the prime factors of l.
2, 5
Let f = 9 + -10. Let c(q) = -35*q + 1. Let r be c(f). Suppose 0 = 3*x - 6*x + r. List the prime factors of x.
2, 3
Let w(b) = 2*b + 8*b**2 - 6 - b**3 + 8*b + 3*b. List the prime factors of w(9).
2, 3, 5
Let h be 26/6 - 1/3. Suppose 2*p - h + 0 = 0. What are the prime factors of p?
2
Suppose -24 = 3*w + 5*i, -w - 4*i = 11 + 4. List the prime factors of (-20)/(-6)*(-9)/w.
2, 5
Suppose c + 226 = 5*l, -l = 4*c - 21 - 20. List the prime factors of l.
3, 5
Let b = -111 - -104. Let p(g) = -g**3 - 5*g**2 + 8*g - 1. Let a be p(-6). Let c = b - a. What are the prime factors of c?
2, 3
Suppose w = -w + 126. List the prime factors of 864/w + (-4)/(-14).
2, 7
What are the prime factors of (-2)/(-18) + 0 - (-4638)/54?
2, 43
Let k(o) = -10*o**2 + 4*o + 5. Let q(w) = -30*w**2 + 11*w + 14. Let t(i) = 17*k(i) - 6*q(i). List the prime factors of t(-1).
3
Let a(j) = -j**3 - 8*j**2 + j + 10. Let l be a(-8). Let n = 0 + 0. Let q = l - n. What are the prime factors of q?
2
Let b = -376 + 598. List the prime factors of b.
2, 3, 37
Let a(l) = -l**3 + 7*l**2 + 2*l - 9. Let n be a(7). Suppose 4*c + c + 16 = 4*b, 5*b = n*c + 15. What are the prime factors of (27/(-6))/(3/c)?
2, 3
Suppose -3*d + 2*a = -4*d - 5, -2*a = -5*d + 23. Suppose -32 = -2*j + 5*f, d*j - 18 = -2*j - 3*f. List the prime factors of j.
2, 3
Suppose 2*j + 1 = 3. Let q = j - -3. Let f = 15 - q. List the prime factors of f.
11
Let a = 34 - -37. List the prime factors of a.
71
Let q(l) = -8*l + 4*l - 1 + 0. List the prime factors of q(-5).
19
Suppose 25*g - 24 = 24*g. What are the prime factors of g?
2, 3
Suppose y + 2 = 3*y. Let c be 8/12 - 2/(-6). Suppose q - c = y. List the prime factors of q.
2
Let n = -17 + 43. List the prime factors of n.
2, 13
Suppose 0 = -4*x - 117 + 489. What are the prime factors of x?
3, 31
Suppose 0 = -3*j + 6*j + 90. Let u = -12 - j. List the prime factors of u.
2, 3
Suppose -143 = -2*w + 3*z, 5*z + 128 = 5*w - 237. What are the prime factors of w?
2, 19
Let x(b) = 33*b**2 + 3*b + 2. List the prime factors of x(-2).
2
Let s = -25 - -33. What are the prime factors of s?
2
Let d = 75 + -41. What are the prime factors of d?
2, 17
Let k be (2/5)/((-1)/5). Let b = 1 - k. What are the prime factors of b?
3
Suppose 2*h + 4*d - 26 = 0, 0*h - 5*d = 5*h - 55. List the prime factors of (h/3 - 4) + 17.
2
Let k(r) = 5*r - 8. List the prime factors of k(4).
2, 3
Suppose -2*f + 12 = 4*c, -4*f = c - 0*c + 4. Suppose 12 = -h + c*h. What are the prime factors of h?
2
Suppose 3*m = 26 + 43. Suppose 2*w + 15 = -m. Let i = w + 40. List the prime factors of i.
3, 7
Suppose -7 = -5*d + 3. What are the prime factors of -8*(-1)/(d/2)?
2
Let n = 201 + 7. What are the prime factors of n?
2, 13
Let m = 3 - -11. List the prime factors of m.
2, 7
Suppose 0 = -5*s - 2*z - 350, 0 = -s - 3*z + 6*z - 70. Let n = 119 + s. List the prime factors of n.
7
What are the prime factors of (2 - (-8)/(-5))/(13/3055)?
2, 47
Let s = -8 - -10. Let j = s + 0. Suppose 4*q = 5*f - f + 8, -j*f + 2 = 0. What are the prime factors of q?
3
Suppose 5*d + 3*v = d + 65, 3 = v. Let c = 15 - 10. Suppose c*s - d = 16. What are the prime factors of s?
2, 3
Let x = 10 + -7. Suppose i = x*i - 28. List the prime factors of i.
2, 7
Suppose 7*t - 88 = 5*t. List the prime factors of (t/16 + 0)*4.
11
Let l(x) = x**3 - 3*x**2 - 4*x + 2. List the prime factors of l(5).
2
Let x = 1 + -5. Let g = x - -14. Suppose -8 - g = -2*l. What are the prime factors of l?
3
Suppose 0 = 2*z + 5*m - 5, -11 = 3*z + m - 38. List the prime factors of z.
2, 5
Let b(k) = k - k**2 - 9*k + 1 + 2*k**2. Let z be b(9). Let f = 16 - z. List the prime factors of f.
2, 3
Let z = 19 + -28. Let k = -4 + 17. Let g = k + z. List the prime factors of g.
2
Suppose 7 - 23 = -2*v. Suppose -7*i + 3*i = -v. List the prime factors of i.
2
Let z be 4/(-14) - 40/7. Let g = 11 + z. Suppose -g*n - 5*o = -4*o - 40, 2*n = -4*o + 34. What are the prime factors of n?
7
Suppose -30 = 3*y + 30. Let o be (-2)/(-8) + (-75)/y. Let x = 6 - o. What are the prime factors of x?
2
Let z = 177 - 123. List the prime factors of z.
2, 3
Suppose 5*o - 2*o = 9. Let y be -4*(0 - o/3). Let f = y + 2. List the prime factors of f.
2, 3
Let n(d) = -d**2 - 4*d + 5. Let u be n(-5). Suppose -3*x = -p + 4, u*x + x + 4 = 3*p. Suppose p = -z + 4. List the prime factors of z.
3
Let n(y) = -3*y + 0 - 5 + 2*y + 19. Suppose 4*m - 5 + 1 = 5*p, -2*p + 3*m - 3 = 0. List the prime factors of n(p).
2, 7
Let q = -16 + 20. Suppose -2*i - 3*i + 4*v + 49 = 0, 33 = q*i + 3*v. List the prime factors of i.
3
Suppose -2*c = -9 - 3. Suppose 0 = -2*k - c, -2*w - 25